) + -12.
-33
-49 + (-1 - (-58 - -25))
-17
What is -31 + (-27 - (-31 - -23)) + 30?
-20
(84 + -36 - 12) + -85
-49
What is 2 + 0 + ((27 - 10) + 8 - 13) + 26?
40
Evaluate 80 - (1 - (41 - 85)).
35
What is -19793 - -19675 - (-1 + 1 + -22)?
-96
What is the value of 99 - (-86 - -195) - 70?
-80
(52 - 22) + 2 + (10 - (22 - -1))
19
22 + (-43 - (41 - 56))
-6
Calculate (3 - 21) + (-5 - -5) + (379 - 387).
-26
What is (2 - -13) + -9 + 5 + -48?
-37
What is 10 - (44 + -40 + 19)?
-13
(-146 - -5) + 49 - -51
-41
What is -34 - (-15 - -14) - (-26 + 44)?
-51
What is 3 - (28 + 0 + 68 + -73)?
-20
Evaluate ((-10 - 3 - -15) + -11 - -17) + -83 + 1.
-74
What is 35 - (-59 + 26 + 114)?
-46
What is the value of -7511 + 7576 - (94 + -1)?
-28
What is the value of -21 - ((-13 + -15 - -42) + 11)?
-46
Evaluate 27 + -12 + -27 + -23 - -28.
-7
Calculate -25 + -101 + (26 - (25 + -41)).
-84
21 + (111 - 176) + 78
34
What is the value of -55 - (9 + 14 + -6)?
-72
Evaluate 2 + -20 + 4 + -19 + 5.
-28
Calculate 30 - ((-7 - -4) + -31).
64
Evaluate 2 + 17 - (-36 + (26 - -22)).
7
Calculate -4 + 0 - (54 + -45 + (15 - 1)).
-27
Evaluate 7 + -17 - ((9 - 18) + 8 + -1 - -35).
-43
What is the value of -30063 - -30074 - (0 - (-50 - 0))?
-39
Evaluate -1 + 0 - (-8 + 2 + 0) - (-20 + 16).
9
Calculate -3 + -5 - ((6 - 14) + 10 - 5) - 22.
-27
What is the value of (-62 - -4) + 24 + (6 - (0 + -3))?
-25
Evaluate 16 + 128 + 92 + -149.
87
-43 - (7 + -13 - (-3 + 0))
-40
Evaluate -39 + (42 - -30) + (0 - -24).
57
(0 - (-180 + 80)) + -117
-17
(134 + -192 - -134) + -3 + 9 + 1
83
What is 20 + -23 + (295 - 214)?
78
-1120 + 1251 + -59 + 4
76
(-3 - 2) + 9 + -60 + 13 - 3
-46
What is -4 - (-3 - 15) - (-9 - (74 + (3 - 6)))?
94
Evaluate -68 + (7 + -65 - -59).
-67
What is -237 - -232 - (-4 - (-19 + 2))?
-18
What is 0 + 53 + 1 + (-3 + (-5 - -10) - 0)?
56
Calculate -10 - ((63 - 28) + -31).
-14
(-11 - (102 - 98 - (-2 - (-9 + -4)))) + 61
57
(132 - -23 - 99) + 19
75
What is the value of 7 + (48 + -24 - 57)?
-26
Calculate 2 + 24 - (-34 + 25 + -23 - -19).
39
Calculate 24 + -51 + -9 - -7 - (-1 + -5).
-23
What is the value of (37 - 103) + 32 - (1 + -19)?
-16
Calculate 51 + -42 - (-3 - 9) - (6 - 6).
21
What is ((2 - 6) + 5 - 0) + -17?
-16
Calculate 137 + -182 - (-28 - -25).
-42
Calculate (-55 - -6) + -8 - (3 + 1 + 16 + -23).
-54
Calculate -92 + (24 + -42 - (-2 + -3)).
-105
0 - (5 + 14 + -24)
5
What is the value of 22 + (3 - (-16 - -41))?
0
Evaluate (7719 - 7681) + (0 - (0 - -8)).
30
What is (-1 - (15 - 11) - -6) + (-5 + 58 - 1)?
53
(0 - -24 - (-72 + 32 + 50)) + 4
18
Calculate (560 - 611) + 24 + -3.
-30
Calculate (9 - 20) + 321 + -252.
58
Evaluate 2 - 0 - (1 + -7 + (-223 - -249)).
-18
(6 + -39 - -4) + (-2 + -7 - (-14 + 10))
-34
Calculate (54 - (-5 + 5)) + (-15 - (2 - (-11 - -22))).
48
Evaluate 0 + -3 + 0 + -8 - (-57 - (183 - 98)).
131
What is the value of -49 - (-258 - (-74 - 62))?
73
Calculate -69 - (-21 - (34 - 35)).
-49
What is -63 + 104 - (21 - 23)?
43
Evaluate (91 - 21) + (-18 - -18).
70
What is the value of -2 - 15 - (-65 - -42 - -18) - -18?
6
Calculate -11 - (80 + -107 + (-5 - -3 - (0 - 13))).
5
What is -2 + 1 + 7 - (-14 + (-25 - -2) + -13)?
56
(-3 - -4 - (9 + -25 + 6)) + -7 + 9
13
What is 25 - (-15 + 35 - -18) - (-64 + 1)?
50
Evaluate 50 + (-94 - -108) + 4 + -5 + 4.
67
Evaluate -44 + (90 - 187 - -127).
-14
(18 - 17) + 15 + -21 + (-5 - -5)
-5
What is -119 + (-20 - (-11 + -5)) - (-23 + 6)?
-106
-1 + 67 - (-39 + (26 - (39 - 67)))
51
What is the value of 97 + 1 + (-3 - -12) + 17 + -27?
97
Evaluate 1 + 14 + (21 + 35 - 109).
-38
(-19 - -96 - 35) + -24
18
-16 - (0 - -4) - -54
34
What is -10 + 7 + (-16 - -18) + 36?
35
14 + (1 - 2) + (31 - (-44 - -55))
33
Calculate 269 + -134 - 37 - 104.
-6
Evaluate -13 + (-10 - (-10 + -9 + (-4 - -11))).
-11
-2172 - -2157 - (-64 + (0 - 1))
50
Calculate 88 + (0 + 8 - 4) + (98 - 105).
85
-38 + 2 + -20 - -40
-16
Evaluate 3 + (-7 - (-12 + (5 - (1 + -12)))) - -103.
95
What is 0 + 20 + (-10 - -6 - (-15 - (-16 - -9)))?
24
Evaluate (-3 - (164 + -107)) + 41.
-19
Calculate 7 + (17 - 47) + 20 - (-2 + 6).
-7
What is 22 + (-122 - (-77 - -56))?
-79
(19 - 0) + (-7 + -15 - -13) - (7 - 13)
16
-12 - (-1 + -1) - (68 + -14 + 31 + -6)
-89
What is the value of -2 + ((0 - -23) + 3 - -1) - (3454 - 3465)?
36
What is the value of 36 + (-15 - (2 + -20 + 4) - (9 - 12))?
38
29 + (6 - 23) + (2 - (22 - -4)) - -45
33
Evaluate 196 + -262 - (-11 + -14).
-41
-18 + -24 + 31 + 47
36
Evaluate -1 + -36 + 6222 + -6167.
18
(7 - (-3 - -14)) + (37 - 6)
27
Evaluate 4 + (1 + -3 - (-55 + 67)).
-10
What is the value of -8 + (8 - (-12 + 8 - 16)) + -6?
14
What is the value of (-239 - -169 - -134) + (-6 - 0)?
58
Evaluate -62 - (-5 - (-5 + -13)) - (-20 + 9).
-64
What is -81 + 56 + -30 + 36 + -28?
-47
What is the value of 16 - (-60 + 84 - 114)?
106
Calculate 10 + (11 - 0) + (16 - (18 - -1 - 46)).
64
Calculate (-24 - -3) + -13 + (110 - -23).
99
What is the value of 7 + (-1 - (-6 + 12) - (6 - 0 - 94))?
88
Calculate (2 - -53) + 3 + -37 + 28.
49
What is -19 + (85 - 74) - (11 - 9 - (-1 + 113))?
102
Evaluate 0 - 4 - 20 - (-17 - 5).
-2
Calculate (-85 - -12 - 0) + -8 + (-39 - -35).
-85
(-1 - 1) + -77 + 9 + -6 + 3 - 3
-76
Evaluate (21 - -22 - -8 - 10) + -23.
18
Calculate 8 + (-6 - 2) - -10 - (3 + 4 - -8).
-5
What is the value of 10 + -21 - (1 + -8 - -6) - -8 - -7?
5
Calculate -58 + (47 - 41) - -85.
33
Evaluate 95 + 12 + -25 + (-10 - -6) + -9 + -1.
68
Calculate -1088 + 1050 + (21 - -1).
-16
-71 + 2 - (-612 - -583)
-40
Evaluate 17 - (147 - (46 + -16)) - -26.
-74
Evaluate 21 + (-70 + 0 - -44).
-5
Evaluate -2 + 21 + 4 - (-8 + -13).
44
371 + -377 - ((-1 - 1) + (-20 - -16))
0
-53 + 8 + 0 + (4 - (1 - -8) - -9)
-41
(-51 - -61) + -2 + (2 - (-1 - -6) - -74)
79
Calculate -218 + -117 + 217 + 35.
-83
-1 + -84 - (4719 - 4808)
4
Evaluate -272 + 281 + (2 - (-10 - -5 - -3)).
13
Calculate -102 - -67 - (-24 + -28).
17
Evaluate -4 + 0 + 0 - -3 - (-216 - -209) - -26.
32
What is 1 + 18 + (-28 - 0 - (223 - 168))?
-64
Evaluate -30 - -48 - 88 - (-1 - 22).
-47
What is the value of 480 - 469 - (29 - (-3 - -1) - 0) - -9?
-11
What is -129 - (-4 + (-23 - -32) + 9)?
-143
4 + -5 + 18 + (62 + -25 - 27)
27
Evaluate -2 - (-3 - -22) - (-347 - -361).
-35
Calculate -29 + 115 + -8 + 4 + -37 + 22.
67
What is the value of -16 + 28 - (-1 - (20 - (-1 + -11)))?
45
What is (1 - -41) + -11 - -15 - (2 - 12)?
56
What is -10 - (-22 - -27 - (30 + -6 + -6))?
3
Calculate 42 + (-8 - 46) - 24.
-36
What is the value of -43 + (21 - (9 - (-12 + (6 - 0))) - 13)?
-50
-2 - (47 - 17 - -7)
-39
Evaluate -13 - 22 - (-97 + 87).
-25
Evaluate (89 - (87 - 109)) + -7.
104
Evaluate 10 - ((-11 + -4 - 17) + 0 + 7) - -3.
38
Evaluate 21 + (-88 - -51) - -59.
43
-7 - (22 + -14 - (29 - 7))
7
Evaluate (-71 - -190) + -135 + (-44 - 1).
-61
(5 + 11 + -3 - 3 - -33) + (12 - 4)
51
What is 29 + -95 + 68 + -62?
-60
Evaluate 12 - (-44 + 60 + (-15 - 5)).
16
What is (-7 - (-31 - (20 + -33))) + -51?
-40
What is the value of 22 + (7 - 6) + (-10 - 9 - -13)?
17
What is (-111 - 4) + -89 + 1 + 109?
-94
Evaluate -28 + (-14 - -127) + -98.
-13
What is the value of (-11 - -32) + (-41 - (-2 + 6))?
-24
What is the value of -56 - (29 + -33 + 15) - (-1 - -20)?
-86
Calculate -2 + 0 - (-57 - 7) - ((-16 - -1) + 5).
72
What is -13 - (-130 - (-95 + 30))?
52
Calculate -11 - (7 - (-20 + 11 + -12 + (-4 - -4))).
-39
Evaluate (12 - ((19 - -3) + 96 + 1 + 0)) + 2.
-105
Evaluate 3 + -13 - (-1 + (3 + 1 - (28 - 24))).
-9
Evaluate 71 - (-10 - (-37 + (21 - 4))).
61
Evaluate (16 - -3) + (12 + -2 - 12).
17
(20 - (-49 + -6)) + (-4 - 14)
57
-6 + (-3 - (-4 - 3)) - (14 - -2 - -55)
-73
What is the value of -5 + -4 - (-121 - -131)?
-19
Calculate -74 + 21 + -34 + 7.
-80
Calculate (-9 - (26 + (-14 - 35))) + -3.
11
Calculate (-177 - (-182 + 95)) + 0 + -24.
-114
Calculate 2 - -16 - ((3 - ((-7 - -1) + 9)) + -4).
22
Evaluate -161 - -172 - (-5 - (5 - (3 - 2))).
20
What is 7 + -12 - -10 - (3 + (31 - -9) - -7)?
-45
Evaluate -47 - (27 + (-10 - 32)).
-32
Evaluate 20 + (16 - 3) + -20 + -3 + -71.
-61
What is -106 + 111 + -8 + -4 + 3 + -5 + -106?
-115
What is the value of -26 + (70 - -72) + (1 - 1 - (7 - -5))?
104
(272 - 334) + (26 - 9)
-45
4 + (5 - (9 + 7) - -5) - (-12 + -12)
22
What is the value of 2792 + -2841 + 2 + 23?
-24
5 - 2 - (44 + -2) - (166 - 164)
-41
What is the value of 18 + (30 - -11 -